{"id":1167,"date":"2025-08-18T21:39:23","date_gmt":"2025-08-18T19:39:23","guid":{"rendered":"https:\/\/www.grandchamp78.fr\/?page_id=1167"},"modified":"2025-11-11T10:32:19","modified_gmt":"2025-11-11T09:32:19","slug":"sante","status":"publish","type":"page","link":"https:\/\/www.grandchamp78.fr\/index.php\/sante\/","title":{"rendered":"Sant\u00e9"},"content":{"rendered":"\n<p>Cabinet m\u00e9dical, 10 route de Nogent<\/p>\n\n\n\n<ul class=\"wp-block-list\">\n<li>Mme Clo\u00e9 Bulot, Psychomotricienne<br>06.31.06.46.15<br><\/li>\n\n\n\n<li>Dr Camille Jallu, M\u00e9decin g\u00e9n\u00e9raliste<br><a href=\"http:\/\/www.docteurjallu.fr\">www.docteurjallu.fr<\/a><\/li>\n<\/ul>\n","protected":false},"excerpt":{"rendered":"<p>Cabinet m\u00e9dical, 10 route de Nogent<\/p>\n","protected":false},"author":1,"featured_media":0,"parent":0,"menu_order":0,"comment_status":"closed","ping_status":"closed","template":"","meta":{"_themeisle_gutenberg_block_has_review":false,"footnotes":""},"class_list":["post-1167","page","type-page","status-publish","hentry"],"_links":{"self":[{"href":"https:\/\/www.grandchamp78.fr\/index.php\/wp-json\/wp\/v2\/pages\/1167","targetHints":{"allow":["GET"]}}],"collection":[{"href":"https:\/\/www.grandchamp78.fr\/index.php\/wp-json\/wp\/v2\/pages"}],"about":[{"href":"https:\/\/www.grandchamp78.fr\/index.php\/wp-json\/wp\/v2\/types\/page"}],"author":[{"embeddable":true,"href":"https:\/\/www.grandchamp78.fr\/index.php\/wp-json\/wp\/v2\/users\/1"}],"replies":[{"embeddable":true,"href":"https:\/\/www.grandchamp78.fr\/index.php\/wp-json\/wp\/v2\/comments?post=1167"}],"version-history":[{"count":3,"href":"https:\/\/www.grandchamp78.fr\/index.php\/wp-json\/wp\/v2\/pages\/1167\/revisions"}],"predecessor-version":[{"id":1237,"href":"https:\/\/www.grandchamp78.fr\/index.php\/wp-json\/wp\/v2\/pages\/1167\/revisions\/1237"}],"wp:attachment":[{"href":"https:\/\/www.grandchamp78.fr\/index.php\/wp-json\/wp\/v2\/media?parent=1167"}],"curies":[{"name":"wp","href":"https:\/\/api.w.org\/{rel}","templated":true}]}}